{"id":280,"date":"2024-03-12T20:50:40","date_gmt":"2024-03-12T20:50:40","guid":{"rendered":"https:\/\/staging-alerta.mapbiomas.org\/?post_type=faq&#038;p=280"},"modified":"2024-09-13T14:19:13","modified_gmt":"2024-09-13T14:19:13","slug":"por-que-os-laudos-nao-identificam-o-nome-dos-proprietarios-das-areas-registradas-no-car","status":"publish","type":"faq","link":"https:\/\/alerta.mapbiomas.org\/en\/faq\/por-que-os-laudos-nao-identificam-o-nome-dos-proprietarios-das-areas-registradas-no-car\/","title":{"rendered":"Por que os laudos n\u00e3o identificam o nome dos propriet\u00e1rios\/respons\u00e1veis das \u00e1reas registradas no CAR?"},"content":{"rendered":"\n<p>O MapBiomas Alerta disponibiliza somente o c\u00f3digo dos im\u00f3veis rurais cadastrados no SICAR e\/ou nas bases do INCRA. Seguindo os dispositivos da Lei Geral de Prote\u00e7\u00e3o de Dados, Lei n.\u00ba 13.709\/2018, os dados dos titulares dos im\u00f3veis cadastrados no CAR, como nome e CPF\/CNPJ, n\u00e3o s\u00e3o disponibilizados na plataforma do MapBiomas Alerta e n\u00e3o est\u00e3o dispon\u00edveis ao p\u00fablico no SICAR (Sistema Nacional de Cadastro Ambiental Rural).<\/p>\n","protected":false},"template":"","acf":[],"uagb_featured_image_src":[],"uagb_author_info":{"display_name":"Adriel Fernandes","author_link":"https:\/\/alerta.mapbiomas.org\/en\/author\/"},"uagb_comment_info":0,"uagb_excerpt":"O MapBiomas Alerta disponibiliza somente o c\u00f3digo dos im\u00f3veis rurais cadastrados no SICAR e\/ou nas bases do INCRA. Seguindo os dispositivos da Lei Geral de Prote\u00e7\u00e3o de Dados, Lei n.\u00ba 13.709\/2018, os dados dos titulares dos im\u00f3veis cadastrados no CAR, como nome e CPF\/CNPJ, n\u00e3o s\u00e3o disponibilizados na plataforma do MapBiomas Alerta e n\u00e3o est\u00e3o&hellip;","_links":{"self":[{"href":"https:\/\/alerta.mapbiomas.org\/en\/wp-json\/wp\/v2\/faq\/280"}],"collection":[{"href":"https:\/\/alerta.mapbiomas.org\/en\/wp-json\/wp\/v2\/faq"}],"about":[{"href":"https:\/\/alerta.mapbiomas.org\/en\/wp-json\/wp\/v2\/types\/faq"}],"wp:attachment":[{"href":"https:\/\/alerta.mapbiomas.org\/en\/wp-json\/wp\/v2\/media?parent=280"}],"curies":[{"name":"wp","href":"https:\/\/api.w.org\/{rel}","templated":true}]}}

Por que os laudos não identificam o nome dos proprietários/responsáveis das áreas registradas no CAR?

<p>O MapBiomas Alerta disponibiliza somente o código dos imóveis rurais cadastrados no SICAR e/ou nas bases do INCRA. Seguindo os dispositivos da Lei Geral de Proteção de Dados, Lei n.º 13.709/2018, os dados dos titulares dos imóveis cadastrados no CAR, como nome e CPF/CNPJ, não são disponibilizados na plataforma do MapBiomas Alerta e não estão disponíveis ao público no SICAR (Sistema Nacional de Cadastro Ambiental Rural).</p>

O MapBiomas Alerta disponibiliza somente o código dos imóveis rurais cadastrados no SICAR e/ou nas bases do INCRA. Seguindo os dispositivos da Lei Geral de Proteção de Dados, Lei n.º 13.709/2018, os dados dos titulares dos imóveis cadastrados no CAR, como nome e CPF/CNPJ, não são disponibilizados na plataforma do MapBiomas Alerta e não estão&hellip;
